 is divided by d?
10
Let r(z) = -z**3 + 3*z**2 - 65*z + 2662. What is the remainder when r(0) is divided by 89?
81
What is the remainder when 452 is divided by 76 + -1 + 1 + 6 + -6?
72
Suppose 4*n - 90 = -n. Suppose -79*g = -46*g - 741 - 6354. What is the remainder when g is divided by n?
17
Let b(u) = -2*u**2 - u + 132. Let q be b(0). Suppose 0 = -4*o - 2*t + q, -5*t = 2*o + 33 - 91. What is the remainder when o/85 - 816/(-10) is divided by 21?
19
Suppose 4*f - y = 9, 23*f = 19*f - 2*y + 18. Calculate the remainder when 287 is divided by f.
2
Let l(m) = m. Let c be l(2). Let i be ((-3)/c)/(42/(-56)). Suppose 4*g = -2*r + 5*r - 115, -i*r = -4*g - 70. What is the remainder when r is divided by 12?
9
Let w(k) = -3*k**2 + 83*k - 258. Suppose 0 = -q + 9 - 10. Let u(t) = -52*t**3 + t**2 - t - 1. Calculate the remainder when u(q) is divided by w(24).
5
Let s(y) = 4*y**2 - 3*y - 19. Let z be s(-8). Suppose 0 = z*a - 256*a - 70. Suppose -3*f + 10 + 2 = 0. Calculate the remainder when a is divided by f.
2
Suppose -9*s = s - 120. Suppose -6*u + 3*u + 24 = k, 38 = 2*k + u. What is the remainder when k is divided by s?
6
Let j(k) = 2*k**3 - 10*k**2 + 10*k + 8. Let u = -36 - -42. What is the remainder when j(u) is divided by 36?
32
Let i = -2 - -3. Suppose -2*q + i = -5, -146 = -5*f - 2*q. What is the remainder when (-18)/(36/4) + 57 is divided by f?
27
Suppose q - 3*t = 2*t + 162, -164 = -q + 4*t. Suppose -456 = -178*b + q*b. Calculate the remainder when b is divided by 10.
6
Suppose -5330*a + 56 = -5326*a. What is the remainder when 179 is divided by a?
11
Suppose 2*t = 6*t + 20, -315 = -5*u + t. Suppose 4*o - 46 = -g, -62 = -2*g + 306*o - 308*o. What is the remainder when u is divided by g?
10
Suppose 43*u = 48*u - 1430. Let p = 302 - u. Suppose 0 = b, -z - 6*b + b = -29. Calculate the remainder when z is divided by p.
13
Let c = -299 - -299. What is the remainder when 2/7 + 1088/14 is divided by -5*(40 + c)/(-5)?
38
Suppose 4*m - 502 = 678. Suppose -9*g - m - 236 = 0. Let i = g + 64. Calculate the remainder when 13 is divided by i.
3
Let w be 3 - (-7 - -1)/(46/(-115)). Let c(l) = -l**3 - 14*l**2 - 32*l - 41. What is the remainder when 148 is divided by c(w)?
38
Let r = -554 + 550. Let u(j) = -2*j**3 - 7*j**2 - 10*j - 16. Calculate the remainder when u(r) is divided by 25.
15
Suppose 44*h - 43*h = 8. Suppose 42 = h*k - 30. What is the remainder when (5 - 51/k)/(2/(-72)) is divided by 14?
10
Let p(l) = -l**2 - 20*l + 21. Let i be p(-20). Let o = -27 + i. Calculate the remainder when ((-6)/3)/(o/333) is divided by 28.
27
Let z = -227 - -229. Suppose 2*b = z*o + 28, 9*o = -5*b + 6*o + 102. What is the remainder when 81 is divided by b?
9
Let q be ((-75)/30)/(1/(-16)). Calculate the remainder when 479 is divided by -32*-6*5/q.
23
Let a(y) = 3*y**3 + 3*y**2 + 2*y - 4. Let w(p) = -p**2 - 15*p + 11. Suppose 2 = 2*r + 32. Calculate the remainder when a(2) is divided by w(r).
3
Let l(h) = 2*h**2 + 8*h + 8. Let b(m) = -4*m + 165. What is the remainder when b(20) is divided by l(-5)?
13
Let w be (-9)/(-1) - (35 + -16). What is the remainder when (-572)/55 - -11 - 1244/w is divided by 8?
5
Suppose 0*y - 5*y + 5*u = -90, 3*y - 86 = -5*u. Calculate the remainder when 435 is divided by y.
17
Suppose 85*h = 74*h. Suppose 413 = 5*s - r + 2*r, -2*s - 2*r + 170 = h. What is the remainder when s is divided by 27?
1
Calculate the remainder when (-390390)/(-363) + (18/11)/3 is divided by 54.
50
Suppose 6*j = 9*j + 3*t - 297, 5*j - 2*t - 523 = 0. What is the remainder when 163 is divided by j?
60
Let j(a) = 35*a - 541. Calculate the remainder when 7563 is divided by j(19).
123
What is the remainder when -36 - (-1349)/38 - (-10158)/8*2 is divided by 32?
11
Let z = 61 + -41. Let u(a) be the second derivative of -a**3/6 + 13*a**2 - 9*a - 1. Calculate the remainder when u(-10) is divided by z.
16
Let u(w) be the second derivative of 2*w**3/3 - 11*w**2/2 + 2*w. Let o = 196 + -182. Calculate the remainder when u(13) is divided by o.
13
Suppose -23*k = -9*k - 2604. Suppose 681 = 33*z + k. Calculate the remainder when 221 is divided by z.
11
Suppose 0 = x + 4*y - 56, 2*x = 21*y - 16*y + 151. What is the remainder when 136 is divided by x?
0
Suppose 90 = 2*y + 58. Suppose 5*r = -r + 258. Calculate the remainder when r is divided by y.
11
What is the remainder when 156 is divided by (-18)/45*(-230)/92?
0
Let o(z) = 20*z + 19. Suppose -4*f = 5*y - 91, y = -3*f + 7*f - 1. Calculate the remainder when o(5) is divided by y.
14
Suppose 724 = 4*d + 4*g, 31*d = 36*d + g - 925. What is the remainder when d is divided by 107?
79
Let k be 11 + -5 - (4 - 1). Suppose -62 = k*s + 115. Let b = 64 + s. Calculate the remainder when 16 is divided by b.
1
Let m(o) = 17*o**2 + 52*o + 10. Suppose 5*j + 3*z = 163, -4*z - 27 = -j + z. Calculate the remainder when j is divided by m(-3).
4
Let g be 2560/1 - (18 + -10). What is the remainder when (-1)/(0 + 1 - 2574/g) is divided by 30?
26
Suppose 0 = -2*m - 8, 0 = 4*v - 15*m + 18*m - 48. Suppose n = -5*f + 1346, 2*n - 112 - 966 = -4*f. Calculate the remainder when f is divided by v.
14
Let f = -4435 - -4455. Let l(j) = 2*j + 1. Let r be l(1). Suppose -149 = -r*i + t - 3*t, -116 = -2*i + 2*t. Calculate the remainder when i is divided by f.
13
Let b = -16836 + 16933. Calculate the remainder when b is divided by 8.
1
Let c(z) = -9*z + 98. Let k be c(-15). Let p = 249 - k. Calculate the remainder when 92 is divided by p.
12
Let h = -29084 + 29476. What is the remainder when h is divided by 58?
44
Suppose 0 = -3*j - 12, -j - 1753 = 4*t - 65. What is the remainder when (-6)/(-9) - t/3 is divided by 90/20*(-512)/(-48)?
45
Let u be (2412/(-72))/(1/(-2)) + -1. Suppose 82 = 4*t + u. Calculate the remainder when 38 is divided by t.
2
Let j be ((-1045)/(-10) + 1)*-2. Let s = 335 + j. What is the remainder when 162 is divided by s/3 - 2/6?
39
Suppose 3 = -3*z, -33*s - 2*z = -32*s - 30. Calculate the remainder when 271 is divided by s.
15
Suppose 3*j + 4*r - 143 = 0, -37 = -j - 535*r + 531*r. What is the remainder when 57 is divided by j?
4
Let p(n) = n**3 - 2*n - 7. Suppose 2*u + 1 = -1, 5*s + 2*u = 758. Suppose s = 4*r - 4. Calculate the remainder when r is divided by p(3).
11
Let c(r) = r**3 - 29*r**2 - 2*r + 65. Let m = 368 + -339. What is the remainder when 35 is divided by c(m)?
0
Calculate the remainder when 431 is divided by 15 + (-22 - -13) + (-9)/3 + 19.
13
Let x(h) = -h**3 - 15*h**2 - 28*h + 20. Let v be x(-12). Calculate the remainder when 6 + -2 + (-10)/(-5) is divided by 5/4 + (-57)/v.
0
What is the remainder when 2612 is divided by (-822 + 821)*(-642)/1?
44
Suppose -444 + 1944 = 168*q - 18*q. Let l = -7 - -11. What is the remainder when q is divided by l?
2
Suppose -k + 6*l + 49 = -5*l, 8 = 4*k + 3*l. Let p(m) = -5*m**2 + m - 1. Let x be p(1). What is the remainder when 83 is divided by k - (-30)/x - -29?
27
Let n(b) = 8*b**2 - 383*b + 47. What is the remainder when n(-15) is divided by 2525?
17
Suppose -5*p = -5*r + 235, 25*p - 23*p = 10. Calculate the remainder when 359 is divided by r.
47
Suppose -16*r + 2784 = -1792. What is the remainder when r is divided by 87?
25
Let q = 46 + -35. Suppose 3*u - q = -m, -4*u = -3*u + m - 3. What is the remainder when 123 is divided by (-2 + 3)/(u/124)?
30
What is the remainder when (10/45)/(12/59022) is divided by 8?
5
Let l = -89 + 62. Let m(c) = -6*c - 4. Let y be m(3). Let q = y - l. What is the remainder when 11 is divided by q?
1
Let h = -1291 + 1299. Suppose 30*a - 8*a - 1474 = 0. Calculate the remainder when a is divided by h.
3
Let g be 5/(-1) + 46 + -36. Suppose 1 = -a, 5*a - g = 3*s - 64. Let q = 47 - -3. Calculate the remainder when q is divided by s.
14
Suppose -54*x + 16 = -50*x. Suppose 4*z - 3*z + 3*g = -3, 3*z - 1 = -x*g. Suppose z*l - 1246 = -4*l. Calculate the remainder when l is divided by 45.
43
What is the remainder when ((-1)/3)/((-25)/(-8130)*10/(-150)) is divided by 32?
26
Let w(d) = 0 + 10 + 166*d**2 + 57*d - 161*d**2. What is the remainder when w(-13) is divided by 23?
22
Let d(b) = -2*b**2 + 23*b + 11. What is the remainder when (-2)/(-6)*-549*4/(-6) is divided by d(10)?
40
Calculate the remainder when ((-11732)/(-112))/((-6)/(-312)) is divided by 133.
127
Let h(a) = 5*a**3 + 9*a**2 - 5*a